 146?
137
What is the remainder when 162 is divided by 30?
12
Calculate the remainder when 60 is divided by 33.
27
Calculate the remainder when 4679 is divided by 2330.
19
Calculate the remainder when 13377 is divided by 20.
17
What is the remainder when 291 is divided by 20?
11
What is the remainder when 55 is divided by 8?
7
Calculate the remainder when 1286 is divided by 125.
36
What is the remainder when 197 is divided by 20?
17
Calculate the remainder when 94 is divided by 28.
10
Calculate the remainder when 199 is divided by 67.
65
Calculate the remainder when 180 is divided by 38.
28
Calculate the remainder when 111 is divided by 56.
55
Calculate the remainder when 193 is divided by 4.
1
What is the remainder when 1003 is divided by 145?
133
Calculate the remainder when 8227 is divided by 4105.
17
Calculate the remainder when 1344 is divided by 268.
4
Calculate the remainder when 65 is divided by 6.
5
What is the remainder when 183 is divided by 24?
15
What is the remainder when 402 is divided by 11?
6
What is the remainder when 249 is divided by 3?
0
What is the remainder when 6014 is divided by 223?
216
What is the remainder when 242 is divided by 13?
8
Calculate the remainder when 612 is divided by 203.
3
Calculate the remainder when 147 is divided by 40.
27
Calculate the remainder when 5000 is divided by 622.
24
What is the remainder when 40 is divided by 25?
15
What is the remainder when 201 is divided by 17?
14
Calculate the remainder when 632 is divided by 106.
102
Calculate the remainder when 1945 is divided by 70.
55
What is the remainder when 1024 is divided by 57?
55
What is the remainder when 182 is divided by 19?
11
What is the remainder when 36 is divided by 8?
4
What is the remainder when 140 is divided by 52?
36
What is the remainder when 1918 is divided by 62?
58
Calculate the remainder when 260 is divided by 125.
10
What is the remainder when 777 is divided by 34?
29
What is the remainder when 57 is divided by 29?
28
What is the remainder when 1276 is divided by 194?
112
What is the remainder when 7388 is divided by 56?
52
What is the remainder when 16 is divided by 3?
1
Calculate the remainder when 1025 is divided by 18.
17
What is the remainder when 141 is divided by 13?
11
Calculate the remainder when 24 is divided by 19.
5
Calculate the remainder when 509 is divided by 64.
61
Calculate the remainder when 365 is divided by 71.
10
Calculate the remainder when 2026 is divided by 107.
100
Calculate the remainder when 481 is divided by 19.
6
Calculate the remainder when 156 is divided by 66.
24
Calculate the remainder when 651 is divided by 138.
99
What is the remainder when 2591 is divided by 9?
8
What is the remainder when 343 is divided by 46?
21
Calculate the remainder when 1598 is divided by 37.
7
What is the remainder when 48 is divided by 12?
0
Calculate the remainder when 140 is divided by 51.
38
What is the remainder when 908 is divided by 90?
8
Calculate the remainder when 18 is divided by 8.
2
What is the remainder when 539 is divided by 7?
0
What is the remainder when 598 is divided by 29?
18
What is the remainder when 1113 is divided by 31?
28
Calculate the remainder when 65 is divided by 15.
5
What is the remainder when 385 is divided by 65?
60
Calculate the remainder when 126 is divided by 10.
6
What is the remainder when 139 is divided by 13?
9
Calculate the remainder when 61 is divided by 6.
1
Calculate the remainder when 591 is divided by 54.
51
What is the remainder when 489 is divided by 41?
38
What is the remainder when 849 is divided by 60?
9
Calculate the remainder when 93 is divided by 48.
45
Calculate the remainder when 68 is divided by 1.
0
Calculate the remainder when 250 is divided by 72.
34
Calculate the remainder when 29 is divided by 28.
1
What is the remainder when 98 is divided by 30?
8
Calculate the remainder when 21 is divided by 20.
1
What is the remainder when 3817 is divided by 132?
121
What is the remainder when 4903 is divided by 22?
19
What is the remainder when 200 is divided by 93?
14
What is the remainder when 192 is divided by 17?
5
What is the remainder when 3415 is divided by 426?
7
What is the remainder when 35 is divided by 9?
8
Calculate the remainder when 57 is divided by 27.
3
Calculate the remainder when 3104 is divided by 115.
114
Calculate the remainder when 1998 is divided by 340.
298
Calculate the remainder when 139 is divided by 82.
57
Calculate the remainder when 40209 is divided by 35.
29
Calculate the remainder when 16518 is divided by 56.
54
What is the remainder when 515 is divided by 20?
15
Calculate the remainder when 742 is divided by 733.
9
What is the remainder when 209 is divided by 76?
57
What is the remainder when 727 is divided by 23?
14
What is the remainder when 453 is divided by 24?
21
Calculate the remainder when 294 is divided by 76.
66
Calculate the remainder when 212 is divided by 11.
3
Calculate the remainder when 152 is divided by 74.
4
Calculate the remainder when 214 is divided by 43.
42
Calculate the remainder when 97 is divided by 27.
16
What is the remainder when 446 is divided by 219?
8
Calculate the remainder when 302 is divided by 34.
30
What is the remainder when 256 is divided by 46?
26
What is the remainder when 241 is divided by 61?
58
Calculate the remainder when 73 is divided by 52.
21
Calculate the remainder when 3614 is divided by 32.
30
Calculate the remainder when 266 is divided by 218.
48
What is the remainder when 1871 is divided by 137?
90
Calculate the remainder when 153 is divided by 134.
19
What is the remainder when 529 is divided by 514?
15
What is the remainder when 984 is divided by 114?
72
Calculate the remainder when 313 is divided by 45.
43
Calculate the remainder when 707 is divided by 134.
37
What is the remainder when 765 is divided by 138?
75
What is the remainder when 3244 is divided by 6?
4
What is the remainder when 1451 is divided by 26?
21
Calculate the remainder when 47 is divided by 16.
15
Calculate the remainder when 262 is divided by 127.
8
Calculate the remainder when 657 is divided by 33.
30
Calculate the remainder when 153 is divided by 26.
23
What is the remainder when 71 is divided by 4?
3
Calculate the remainder when 261 is divided by 64.
5
What is the remainder when 2613 is divided by 6?
3
What is the remainder when 366 is divided by 121?
3
Calculate the remainder when 115 is divided by 96.
19
Calculate the remainder when 54 is divided by 30.
24
What is the remainder when 262 is divided by 95?
72
Calculate the remainder when 170 is divided by 60.
50
What is the remainder when 654 is divided by 41?
39
What is the remainder when 170 is divided by 19?
18
Calculate the remainder when 719 is divided by 342.
35
What is the remainder when 136 is divided by 46?
44
Calculate the remainder when 117 is divided by 7.
5
What is the remainder when 104 is divided by 43?
18
Calculate the remainder when 4007 is divided by 191.
187
What is the remainder when 855 is divided by 187?
107
What is the remainder when 117 is divided by 61?
56
Calculate the remainder when 171 is divided by 59.
53
What is the remainder when 44 is divided by 9?
8
Calculate the remainder when 121 is divided by 35.
16
What is the remainder when 453 is divided by 127?
72
Calculate the remainder when 282 is divided by 46.
6
What is the remainder when 421 is divided by 178?
65
What is the remainder when 377 is divided by 27?
26
What is the remainder when 661 is divided by 111?
106
What is the remainder when 126 is divided by 31?
2
What is the remainder when 200 is divided by 31?
14
Calculate the remainder when 716 is divided by 43.
28
What is the remainder when 518 is divided by 13?
11
What is the remainder when 180 is divided by 48?
36
What is the remainder when 2777 is divided by 57?
41
Calculate the remainder when 815 is divided by 92.
79
What is the remainder when 3185 is divided by 43?
3
Calculate the remainder when 425 is divided by 41.
15
Calculate the remainder when 127 is divided by 5.
2
What is the remainder when 196 is divided by 5?
1
Calculate the remainder when 434 is divided by 384.
50
What is the remainder when 1020 is divided by 109?
39
Calculate the remainder when 1799 is divided by 599.
2
Calculate the remainder when